9
Let c(j) = j**3 - 12*j**2 + 12*j - 29. Suppose 2*a - 6 = 0, -4*n = -2*a - 92 - 14. Let y = -16 + n. What is the units digit of c(y)?
5
What is the tens digit of (-223239)/(-8) - 486/(-432)?
0
Let g(k) = -8*k - 50. Let j(h) = 4*h + 25. Let t(i) = -3*g(i) - 7*j(i). Let b be t(-12). Suppose -b = -4*o + 97. What is the units digit of o?
0
Suppose 100*h - 750317 = -170317. What is the hundreds digit of h?
8
Let n = 114 - 30. Let s = 76 - n. What is the units digit of 6/4 + 2 + (-1836)/s?
3
Suppose 2*d = -3*g + 69317, -g - 6799 = -4*d - 29942. What is the units digit of g?
1
Suppose 12 = -120*c - 14 + 146. Let x(o) be the third derivative of 41*o**5/20 + o**4/12 + o**2. What is the hundreds digit of x(c)?
1
Let l(d) = -d**2 - 6*d + 12. Let x(z) = -z**2 + 3*z - 3. Let a be x(4). Let r be l(a). Suppose -4*v + 25 = r. What is the units digit of v?
5
Suppose w + 0*w = i + 91, 0 = -5*i - 3*w - 439. Let r = i - -162. Suppose 0*m - r = -m. What is the units digit of m?
3
Suppose 77203 = 141*a - 1631012. What is the thousands digit of a?
2
Let c = -467 - -471. Suppose -f + c*h + 107 = 0, 4*f - 4*h = 432 - 16. What is the tens digit of f?
0
Suppose 90*q + 76*q = -180*q + 3853402. What is the ten thousands digit of q?
1
Let b = -615 - -367. Let c = 79 + b. Let j = c - -331. What is the units digit of j?
2
Let r(k) = k**3 - 11*k**2 + 24*k - 3. Let a(v) = 2*v**3 - 11*v**2 + 22*v - 2. Let i(f) = 2*a(f) - 3*r(f). What is the hundreds digit of i(-12)?
1
Let c be 8/(((-10)/(-6))/((-105)/(-126))). Suppose 0 = 5*b + 6 + 14, 2*b = -c*g + 436. What is the units digit of g?
1
Let c be 12/48*-44 + 1. Let i(j) be the second derivative of j**5/20 + 11*j**4/12 + 5*j**3/3 + 8*j**2 + 2*j. What is the units digit of i(c)?
6
Let t = 302 + -288. Suppose k - 316 = -t. What is the hundreds digit of k?
3
Let m(o) = 11*o**3 + 3*o**2 - 12*o - 9. Let f be m(-3). Let n be -99 - (0 + 2/(-2)). Let k = n - f. What is the tens digit of k?
4
Let k(d) = -3*d**3 - 16*d**2 + 69*d + 22. Let y(l) = -16*l**3 - 81*l**2 + 346*l + 111. Let s(i) = 11*k(i) - 2*y(i). What is the tens digit of s(-19)?
5
Let d = 21122 + -9882. What is the hundreds digit of d?
2
Suppose 0 = 9*j + 7 - 7. Suppose -27*p + 609 + 39 = j. What is the units digit of p?
4
Let s(x) = 3*x**2 + 31*x - 1073. What is the tens digit of s(76)?
1
Let u be (-3827)/(-7) + (148/28 - 5). Let w = 144 + u. What is the units digit of w?
1
Let o = 40 - 34. What is the tens digit of (-245364)/(-224) - (-3)/(-48)*o?
9
Let i(c) = 17 - 1 + 229*c + 202 + 23. What is the thousands digit of i(8)?
2
Suppose 7*r = 63 + 56. Suppose -4*a + 5*j = 21, -3*j + r = 2. What is the tens digit of (2/4 - a)/(11/(-4708))?
1
Suppose 423422 = 59*k - 3740798. What is the tens digit of k?
8
Suppose -2*d = 6 - 14. Suppose -3*w + 11 = -d*p, -5*w + 3*p = -3 - 8. What is the tens digit of w*(-2)/(-2) - -57?
5
Suppose -6*y + 469 = -102908 + 5577. What is the ten thousands digit of y?
1
Let t(k) = -k**3 + 17*k**2 + 8*k + 2. Let z(l) = -l**2 - 8*l - 6. Let h be z(-3). What is the tens digit of t(h)?
2
Let i(s) = 115*s**2 - 13*s + 39. Let r be i(3). What is the units digit of -4 - 0 - r/(-45)?
9
Let a(s) = -s**3 + 15*s**2 - 2*s + 23. Let o be a(8). Suppose -5*q + 130 = -5*d - o, -5*d - 353 = -3*q. What is the units digit of q?
6
Let k(v) = 151*v**2 - 15*v + 44. Let m be k(9). Suppose m = 40*s - 39860. What is the hundreds digit of s?
3
Suppose 22*j - 36*j = -56. Suppose -16 = -4*v, 0 = -o - 0*v + j*v + 658. What is the tens digit of o?
7
Suppose 4*p + 6 = 58. Suppose y = -2*y - k - 4, -p = -4*y - 5*k. Let u(x) = -2*x**3 + 2*x**2 + 2*x + 2. What is the units digit of u(y)?
8
Let f = 6694 - -1017. What is the hundreds digit of f?
7
Let k be 376*3 + (-55)/(10 - -1). Let b = k + -608. What is the units digit of b?
5
Let d = 55 - 48. Suppose -576 = 5*f - d*f. Suppose -5*o + f = 3*y, -3*o - 173 = -3*y + y. What is the tens digit of y?
9
Let g(i) = -6 - 9 - 2*i + i**2 + 0 + i. Let m be g(-9). Let k = m + -16. What is the units digit of k?
9
Let t = 6149 + -5827. What is the tens digit of t?
2
Suppose 5*m + 2 + 8 = 0, -3*m - 2133 = -3*v. Suppose 6*t - v = 41. Let p = t + -56. What is the units digit of p?
9
Suppose 3 = 23*l - 26*l. What is the thousands digit of 2 + 2 - l*1001*1?
1
Suppose 35 = 5*j, -3*s - 26*j = -29*j - 94158. What is the hundreds digit of s?
3
Suppose 0 = -5*o + 3*r + 68422, 0 = o + 2683*r - 2679*r - 13712. What is the thousands digit of o?
3
Let w be (157*18/6)/((-2)/6). Let u = 2659 + w. What is the hundreds digit of u?
2
Suppose 9*p + 80 = 629. Suppose p*u - 2895 = 58*u. What is the hundreds digit of u?
9
Suppose -639*m = -635*m - 4152. Suppose 2*x = -5*n + 2037, 4*x = -2*n - 236 + m. What is the hundreds digit of n?
4
Let j = 1 + 23. Suppose 11760 = -4*p + j*p. What is the hundreds digit of p?
5
Let f be (-3)/21 + (-114)/(-14). Suppose f*r = -6*r + 14. What is the tens digit of 72/4*r*49/3?
9
Let f(v) = -2 + 9 + 6*v + 2 + 7. What is the units digit of f(4)?
0
Let o(s) be the first derivative of 5*s**3/3 + 5*s**2 - 6*s + 41. What is the tens digit of o(-7)?
6
Suppose -3*h - 2*z = -7*z + 3, -2*h = 4*z + 24. Suppose 0 = -u + 5*o - 0 - 5, 0 = 5*u - o - 71. What is the hundreds digit of -314*(u/h)/5?
1
Let m(l) = l**3 + 22*l**2 + 40*l + 5. Let p be m(-20). Suppose -8*c + 1967 = 2*n - 5*c, p*n = -5*c + 4930. What is the tens digit of n?
9
Let i(q) = q + 18. Let j be i(-21). Let p be (-24)/8*4/j. Suppose 3*b - 5 - 17 = -p*t, -2*t = 10. What is the units digit of b?
4
Suppose m + 5*l = 9120, 0 = 4*m + 7*l - 6*l - 36480. What is the thousands digit of m?
9
Let r(a) = a. Let k(o) = -2*o**2 + 59*o - 7. Let w(t) = k(t) + 5*r(t). Suppose -1 = n, 0 = -6*z + 5*z - n + 29. What is the hundreds digit of w(z)?
1
Let n(q) = -3*q + 11. Let m be n(-14). What is the hundreds digit of (7 + 2)*m/3?
1
What is the units digit of (3 + 2/4*6)*64218/252?
9
Let l(z) = -z**3 - 6*z**2 - 45. Let x be l(-7). Let a(h) = 41*h - 71. What is the tens digit of a(x)?
9
Suppose -165*c + 982652 + 1212927 = -1559161. What is the tens digit of c?
5
Let f = 20 - 8. Let s(h) = 26*h - 41. What is the tens digit of s(f)?
7
Let s(q) = -q - 9. Let o be s(-5). Let h(r) = -r**2 - 6*r - 9. Let x be h(o). What is the units digit of 2*(x - -3) - -124?
8
What is the ten thousands digit of (-228587)/(-9) - (-60)/135?
2
Let q(v) = 12*v + 74. Let x be q(-6). Suppose x*f - 114 = 2*o, -f = -0*f - 3*o - 67. What is the tens digit of f?
5
Suppose -t + 42 - 38 = 0. Suppose t*s + d - 1010 = 0, -5*d = -4*s - 0*s + 1022. What is the hundreds digit of s?
2
What is the units digit of ((9/5)/((-123)/(-454895)))/1?
7
Let g(r) = r - 23. Let p be g(23). Let w(l) = l**3 - 7*l**2 + l - 4. Let o be w(7). Suppose -5*y = -p*y + 5, 0 = o*t + 2*y - 178. What is the tens digit of t?
6
Suppose 0 = -17*g, -3*l - 55*g + 74538 = -53*g. What is the tens digit of l?
4
Let h = -372 - -695. Suppose -2*j + 4*j - b - h = 0, -4*b = -j + 144. What is the hundreds digit of j?
1
Let j(q) = q**2 + 18*q - 40. Let n be j(-20). Suppose 78 = p - n*p. Suppose -22*c + 25*c = p. What is the tens digit of c?
2
Suppose 0 = -76*g + 163*g - 97962. What is the tens digit of g?
2
Let d = -24456 + 28089. What is the tens digit of d?
3
Let n(t) = -t**3 - 8*t**2 + 9*t - 11. Let u be n(-10). Let f = -97 + u. Suppose -113 = -f*a - 1. What is the tens digit of a?
5
Let k = 4275 + -3213. What is the hundreds digit of k?
0
Let t(u) = -3*u**3 - 262*u + 79. What is the tens digit of t(-23)?
0
Let o(j) be the third derivative of j**6/120 - 13*j**5/60 + 3*j**4/8 + 47*j**3/3 + 175*j**2. What is the units digit of o(13)?
1
Let c = 1369 + -4146. Let p = c + 4178. What is the tens digit of p?
0
Suppose 17 - 222 = 5*k. Let h = k + 45. What is the tens digit of 162/7 + h/(-28)?
2
Let f(m) = -2*m**2 - 2. Let k be f(2). Suppose 0*w = 5*w + 2*d - 26, -4*d + 28 = 4*w. What is the units digit of w + -7 + 4 - k?
1
Suppose 0 = -4*k - j + 3893, -4863 = -6*k + k + 2*j. Suppose -6*b + 4*l = -3*b - k, -l - 1633 = -5*b. What is the units digit of b?
7
Let v(u) = 3*u**2 + 5*u + 4. Let h be v(-2). Let j(d) = -4*d - 7*d**2 + 3*d**2 - 6 + 5*d**3 - h*d**3. What is the tens digit of j(-4)?
1
What is the ten thousands digit of 735988/30 - 122/(-1830)?
2
Let z = -20980 + 71097. What is the hundreds d